d by 23.
10
Calculate the remainder when 355 is divided by 122.
111
What is the remainder when 166 is divided by 157?
9
Calculate the remainder when 440 is divided by 54.
8
What is the remainder when 72 is divided by 26?
20
What is the remainder when 3548 is divided by 1177?
17
Calculate the remainder when 299 is divided by 4.
3
What is the remainder when 53 is divided by 7?
4
Calculate the remainder when 495 is divided by 132.
99
Calculate the remainder when 94 is divided by 12.
10
What is the remainder when 438 is divided by 56?
46
Calculate the remainder when 439 is divided by 111.
106
What is the remainder when 192 is divided by 2?
0
What is the remainder when 1049 is divided by 33?
26
Calculate the remainder when 283 is divided by 102.
79
What is the remainder when 1639 is divided by 8?
7
Calculate the remainder when 121 is divided by 5.
1
Calculate the remainder when 1479 is divided by 214.
195
Calculate the remainder when 18 is divided by 7.
4
What is the remainder when 703 is divided by 59?
54
What is the remainder when 147 is divided by 15?
12
What is the remainder when 908 is divided by 214?
52
Calculate the remainder when 130 is divided by 22.
20
What is the remainder when 306 is divided by 70?
26
What is the remainder when 1098 is divided by 184?
178
Calculate the remainder when 609 is divided by 288.
33
Calculate the remainder when 395 is divided by 80.
75
What is the remainder when 101 is divided by 39?
23
Calculate the remainder when 984 is divided by 22.
16
What is the remainder when 1827 is divided by 43?
21
What is the remainder when 413 is divided by 72?
53
What is the remainder when 4431 is divided by 8?
7
Calculate the remainder when 393 is divided by 94.
17
Calculate the remainder when 885 is divided by 111.
108
Calculate the remainder when 6674 is divided by 15.
14
Calculate the remainder when 4702 is divided by 188.
2
Calculate the remainder when 583 is divided by 12.
7
What is the remainder when 222 is divided by 25?
22
Calculate the remainder when 138 is divided by 32.
10
What is the remainder when 3512 is divided by 7?
5
What is the remainder when 357 is divided by 24?
21
What is the remainder when 339 is divided by 34?
33
What is the remainder when 682 is divided by 157?
54
Calculate the remainder when 169 is divided by 96.
73
What is the remainder when 13419 is divided by 1916?
7
What is the remainder when 185 is divided by 11?
9
Calculate the remainder when 2122 is divided by 9.
7
Calculate the remainder when 1320 is divided by 361.
237
Calculate the remainder when 5922 is divided by 25.
22
What is the remainder when 2589 is divided by 76?
5
Calculate the remainder when 1535 is divided by 64.
63
Calculate the remainder when 37 is divided by 30.
7
Calculate the remainder when 1294 is divided by 27.
25
What is the remainder when 809 is divided by 90?
89
What is the remainder when 75 is divided by 42?
33
Calculate the remainder when 2651 is divided by 39.
38
What is the remainder when 787 is divided by 47?
35
Calculate the remainder when 291 is divided by 71.
7
Calculate the remainder when 278 is divided by 76.
50
What is the remainder when 160 is divided by 41?
37
What is the remainder when 45 is divided by 26?
19
Calculate the remainder when 218 is divided by 56.
50
What is the remainder when 1137 is divided by 20?
17
What is the remainder when 145 is divided by 45?
10
Calculate the remainder when 437 is divided by 55.
52
What is the remainder when 217 is divided by 45?
37
Calculate the remainder when 240 is divided by 8.
0
Calculate the remainder when 22 is divided by 9.
4
Calculate the remainder when 652 is divided by 130.
2
Calculate the remainder when 163 is divided by 44.
31
Calculate the remainder when 464 is divided by 61.
37
Calculate the remainder when 212 is divided by 55.
47
Calculate the remainder when 500 is divided by 56.
52
What is the remainder when 548 is divided by 69?
65
Calculate the remainder when 6946 is divided by 18.
16
What is the remainder when 239 is divided by 37?
17
What is the remainder when 44 is divided by 15?
14
What is the remainder when 158 is divided by 38?
6
Calculate the remainder when 645 is divided by 621.
24
What is the remainder when 69 is divided by 26?
17
Calculate the remainder when 1758 is divided by 16.
14
Calculate the remainder when 340 is divided by 177.
163
Calculate the remainder when 43465 is divided by 422.
421
Calculate the remainder when 2669 is divided by 334.
331
What is the remainder when 30543 is divided by 8?
7
What is the remainder when 157 is divided by 79?
78
Calculate the remainder when 79 is divided by 24.
7
Calculate the remainder when 130 is divided by 45.
40
What is the remainder when 134 is divided by 47?
40
Calculate the remainder when 128 is divided by 11.
7
What is the remainder when 1820 is divided by 468?
416
Calculate the remainder when 2361 is divided by 14.
9
What is the remainder when 98 is divided by 5?
3
What is the remainder when 2292 is divided by 48?
36
What is the remainder when 86 is divided by 4?
2
Calculate the remainder when 1215 is divided by 29.
26
What is the remainder when 308 is divided by 2?
0
What is the remainder when 659 is divided by 6?
5
What is the remainder when 102 is divided by 21?
18
What is the remainder when 4572 is divided by 26?
22
Calculate the remainder when 1001 is divided by 60.
41
What is the remainder when 105 is divided by 27?
24
What is the remainder when 2342 is divided by 148?
122
What is the remainder when 155 is divided by 12?
11
Calculate the remainder when 316 is divided by 10.
6
Calculate the remainder when 115 is divided by 46.
23
Calculate the remainder when 1168 is divided by 231.
13
What is the remainder when 35 is divided by 10?
5
What is the remainder when 90 is divided by 7?
6
What is the remainder when 28 is divided by 23?
5
Calculate the remainder when 270 is divided by 13.
10
What is the remainder when 1259 is divided by 623?
13
What is the remainder when 574 is divided by 91?
28
Calculate the remainder when 1610 is divided by 319.
15
Calculate the remainder when 16078 is divided by 80.
78
What is the remainder when 2230 is divided by 97?
96
Calculate the remainder when 717 is divided by 80.
77
What is the remainder when 162 is divided by 33?
30
Calculate the remainder when 704 is divided by 41.
7
Calculate the remainder when 374 is divided by 29.
26
What is the remainder when 296 is divided by 44?
32
Calculate the remainder when 554 is divided by 37.
36
Calculate the remainder when 136 is divided by 25.
11
Calculate the remainder when 4215 is divided by 45.
30
Calculate the remainder when 3998 is divided by 10.
8
What is the remainder when 2621 is divided by 41?
38
What is the remainder when 12 is divided by 5?
2
Calculate the remainder when 286 is divided by 12.
10
Calculate the remainder when 4503 is divided by 30.
3
Calculate the remainder when 83 is divided by 51.
32
Calculate the remainder when 129 is divided by 46.
37
Calculate the remainder when 145 is divided by 38.
31
Calculate the remainder when 542 is divided by 136.
134
Calculate the remainder when 1135 is divided by 67.
63
Calculate the remainder when 387 is divided by 30.
27
What is the remainder when 11680 is divided by 59?
57
Calculate the remainder when 65 is divided by 35.
30
Calculate the remainder when 250 is divided by 92.
66
What is the remainder when 100 is divided by 27?
19
Calculate the remainder when 286 is divided by 33.
22
Calculate the remainder when 194 is divided by 73.
48
What is the remainder when 132 is divided by 53?
26
Calculate the remainder when 53 is divided by 5.
3
What is the remainder when 193 is divided by 15?
13
What is the remainder when 935 is divided by 7?
4
What is the remainder when 462 is divided by 12?
6
What is the remainder when 392 is divided by 79?
76
Calculate the remainder when 905 is divided by 224.
9
What is the remainder when 943 is divided by 59?
58
What is the remainder when 204 is divided by 47?
16
What is the remainder when 217 is divided by 10?
7
What is the remainder when 38449 is divided by 25?
24
Calculate the remainder when 71 is divided by 12.
11
What is the remainder when 836 is divided by 45?
26
Calculate the remainder when 105 is divided by 12.
9
What is t